late the remainder when 316691 is divided by 78.
11
Calculate the remainder when 2468 is divided by 286.
180
Calculate the remainder when 43431 is divided by 19.
16
What is the remainder when 31040 is divided by 79?
72
What is the remainder when 183277 is divided by 894?
7
What is the remainder when 12166 is divided by 10887?
1279
Calculate the remainder when 2465 is divided by 636.
557
Calculate the remainder when 107699 is divided by 273.
137
What is the remainder when 472569 is divided by 35?
34
Calculate the remainder when 697 is divided by 379.
318
Calculate the remainder when 185 is divided by 177.
8
Calculate the remainder when 1722 is divided by 50.
22
Calculate the remainder when 10131 is divided by 2022.
21
What is the remainder when 3560 is divided by 22?
18
Calculate the remainder when 3774 is divided by 928.
62
What is the remainder when 7889 is divided by 1936?
145
What is the remainder when 139803 is divided by 18?
15
What is the remainder when 4216 is divided by 152?
112
What is the remainder when 28299 is divided by 9428?
15
Calculate the remainder when 21249 is divided by 4.
1
What is the remainder when 333853 is divided by 1299?
10
Calculate the remainder when 11301 is divided by 433.
43
Calculate the remainder when 9179 is divided by 241.
21
What is the remainder when 3464 is divided by 690?
14
What is the remainder when 5695 is divided by 1266?
631
What is the remainder when 3414611 is divided by 14?
11
What is the remainder when 1964 is divided by 684?
596
What is the remainder when 2797 is divided by 688?
45
What is the remainder when 1280 is divided by 1083?
197
What is the remainder when 1095259 is divided by 23?
22
What is the remainder when 14475 is divided by 2411?
9
What is the remainder when 115229 is divided by 23?
22
What is the remainder when 956 is divided by 130?
46
What is the remainder when 80775 is divided by 5769?
9
What is the remainder when 2713 is divided by 44?
29
What is the remainder when 307360 is divided by 31?
26
Calculate the remainder when 181 is divided by 115.
66
What is the remainder when 33903 is divided by 827?
823
What is the remainder when 5344 is divided by 168?
136
Calculate the remainder when 658314 is divided by 11.
8
What is the remainder when 219679 is divided by 893?
1
Calculate the remainder when 6886 is divided by 365.
316
What is the remainder when 478948 is divided by 23947?
8
What is the remainder when 70677 is divided by 12?
9
Calculate the remainder when 13496 is divided by 585.
41
Calculate the remainder when 877 is divided by 625.
252
Calculate the remainder when 3438 is divided by 260.
58
Calculate the remainder when 18301 is divided by 436.
425
What is the remainder when 35939 is divided by 1088?
35
Calculate the remainder when 387320 is divided by 29.
25
Calculate the remainder when 23507 is divided by 25.
7
What is the remainder when 952 is divided by 5?
2
Calculate the remainder when 2453 is divided by 1222.
9
What is the remainder when 1437461 is divided by 4?
1
What is the remainder when 7257 is divided by 2924?
1409
Calculate the remainder when 12094 is divided by 604.
14
Calculate the remainder when 1626 is divided by 23.
16
What is the remainder when 1808 is divided by 902?
4
Calculate the remainder when 19304 is divided by 19111.
193
Calculate the remainder when 105362 is divided by 26319.
86
What is the remainder when 112520 is divided by 72?
56
Calculate the remainder when 25212 is divided by 91.
5
What is the remainder when 2332 is divided by 519?
256
What is the remainder when 39175 is divided by 786?
661
Calculate the remainder when 14921 is divided by 14913.
8
What is the remainder when 511 is divided by 235?
41
What is the remainder when 5281 is divided by 1314?
25
What is the remainder when 88477 is divided by 560?
557
What is the remainder when 46300 is divided by 9200?
300
Calculate the remainder when 5888 is divided by 1960.
8
Calculate the remainder when 1381 is divided by 22.
17
Calculate the remainder when 65368 is divided by 32.
24
What is the remainder when 14610 is divided by 7247?
116
Calculate the remainder when 9623 is divided by 3199.
26
What is the remainder when 69196 is divided by 161?
127
What is the remainder when 129581 is divided by 52?
49
Calculate the remainder when 63238 is divided by 21063.
49
What is the remainder when 4004 is divided by 57?
14
What is the remainder when 101448 is divided by 101359?
89
What is the remainder when 84546 is divided by 63?
0
What is the remainder when 30637 is divided by 681?
673
Calculate the remainder when 476568 is divided by 801.
774
What is the remainder when 30082 is divided by 264?
250
What is the remainder when 156087 is divided by 988?
971
What is the remainder when 608613 is divided by 9?
6
Calculate the remainder when 4473 is divided by 55.
18
Calculate the remainder when 52431 is divided by 116.
115
What is the remainder when 306676 is divided by 453?
448
What is the remainder when 20352 is divided by 4051?
97
Calculate the remainder when 70738 is divided by 180.
178
What is the remainder when 29549 is divided by 78?
65
Calculate the remainder when 1831 is divided by 564.
139
Calculate the remainder when 56089 is divided by 100.
89
What is the remainder when 1051 is divided by 101?
41
Calculate the remainder when 315465 is divided by 276.
273
What is the remainder when 14865 is divided by 452?
401
What is the remainder when 4428 is divided by 67?
6
What is the remainder when 21379 is divided by 61?
29
What is the remainder when 59533 is divided by 43?
21
What is the remainder when 226114 is divided by 125?
114
What is the remainder when 11577 is divided by 1467?
1308
What is the remainder when 542232 is divided by 60245?
27
What is the remainder when 766086 is divided by 85?
66
What is the remainder when 2726 is divided by 440?
86
Calculate the remainder when 416702 is divided by 766.
764
What is the remainder when 7650 is divided by 6984?
666
What is the remainder when 43075 is divided by 99?
10
What is the remainder when 23108 is divided by 1359?
5
Calculate the remainder when 48713 is divided by 80.
73
What is the remainder when 4720 is divided by 755?
190
Calculate the remainder when 7907 is divided by 2180.
1367
What is the remainder when 20239 is divided by 241?
236
What is the remainder when 1374 is divided by 58?
40
What is the remainder when 977814 is divided by 76?
74
What is the remainder when 38093 is divided by 3167?
89
What is the remainder when 8220 is divided by 183?
168
What is the remainder when 13760 is divided by 43?
0
What is the remainder when 681 is divided by 73?
24
Calculate the remainder when 1222 is divided by 108.
34
Calculate the remainder when 2246 is divided by 153.
104
Calculate the remainder when 69042 is divided by 31.
5
Calculate the remainder when 1059 is divided by 98.
79
Calculate the remainder when 84516 is divided by 223.
222
What is the remainder when 1635894 is divided by 29?
4
Calculate the remainder when 19684 is divided by 107.
103
Calculate the remainder when 80542 is divided by 333.
289
What is the remainder when 11480711 is divided by 19?
18
Calculate the remainder when 30131 is divided by 62.
61
Calculate the remainder when 139074 is divided by 57.
51
Calculate the remainder when 2020 is divided by 365.
195
What is the remainder when 39151 is divided by 712?
703
Calculate the remainder when 580380 is divided by 1093.
1090
Calculate the remainder when 28781 is divided by 442.
51
What is the remainder when 119047 is divided by 29726?
143
Calculate the remainder when 428056 is divided by 6.
4
Calculate the remainder when 21988 is divided by 758.
6
Calculate the remainder when 2308 is divided by 317.
89
What is the remainder when 2018341 is divided by 782?
781
What is the remainder when 9733 is divided by 6?
1
Calculate the remainder when 4434 is divided by 2211.
12
What is the remainder when 461422 is divided by 24?
22
Calculate the remainder when 43467 is divided by 42.
39
Calculate the remainder when 524 is divided by 68.
48
What is the remainder when 2515 is divided by 45?
40
Calculate the remainder when 1345 is divided by 983.
362
Calculate the remainder when 2232 is divided by 25.
7
Calculate the remainder when 628674 is divided by 